ve of -h**5/60 - h**4/4 - h**3 + h**2. Let k = -9 - -2. Let g be (k - -4) + (2 - 3). Calculate b(g).
2
Let p(v) = v - 4. Let k be 2 - (1 - 3)/1. Suppose -4*j = -4*b + 4, -j + k*j + 2*b = 22. Calculate p(j).
0
Let r(v) = v**2 - 3*v + 3. Let d = 0 + 2. Let h be ((-6)/(-15))/(d/(-10)). Let l be (6 - 2)*h/(-4). Determine r(l).
1
Let b(a) = a**3 + 9. Let m(t) = -t**3 + 6*t**2 - 5*t. Suppose 4*f + 2*q = 10, 0*f + 3*q = -3*f. Let s be m(f). What is b(s)?
9
Let y(c) = 4*c - 9. Suppose -62*z - 18 = -65*z. What is y(z)?
15
Let t(o) = 5*o - 4 - 1 + 6. Calculate t(-2).
-9
Let i(g) = -3*g + 8. Let q(j) be the first derivative of -2*j**2 + 12*j + 2. Let m(c) = -7*i(c) + 5*q(c). What is m(-4)?
0
Let z(p) = -2*p - 4. Suppose 0*j - 3*j - 4*c - 2 = 0, 3*j = 4*c + 14. Suppose -j*s = -0*s + 8. Give z(s).
4
Let g(v) = -v**3 + v**2 + v - 1. Let x = -30 - -14. Let s = x + 14. Determine g(s).
9
Let n be ((-3)/9)/((-4)/24). Let f(p) = -p + 5. Let g be f(5). Let b(v) = 3*v + g + 2 - 2*v. Calculate b(n).
4
Let w(r) be the second derivative of -r**4/12 - r**3/2 - r**2 - r. Let m(s) be the first derivative of w(s). Suppose 0*k - 3 = k. What is m(k)?
3
Let u(h) = -2*h. Let i be (0/(-4))/(-1 - -3). Suppose 5*g + 5 = 5*j, i = j - 2*j + 4*g + 13. Give u(j).
6
Let g(f) be the third derivative of -f**5/30 + f**4/24 + f**3/6 + 3*f**2. Give g(2).
-5
Suppose -t + 7 = -3*n - 10, t - n = 7. Let k(u) = 6*u - 3*u - 1 - u**t - 3*u. Calculate k(2).
-5
Suppose 5*u = -0*u. Let y(a) = a**2 - a + 12. Calculate y(u).
12
Suppose -2*w - w + 6 = 0, 0 = -3*m - w - 16. Let b be (-4)/(-6) - 32/m. Suppose b*d + 25 = d. Let j(a) = a**2 + 6*a + 2. What is j(d)?
-3
Let u(s) be the second derivative of -2*s**3/3 + 2*s**2 - 12*s. What is u(-3)?
16
Let t(d) = d**2 + 8*d + 3. Let g be (5 - 2 - -5) + -2. Let l = g + -12. Give t(l).
-9
Let b(l) = l + 4. Let r be b(-6). Let g(a) = -7*a + 1. Give g(r).
15
Let b(v) = 0 + 1 - 18*v + 1 - 3. What is b(1)?
-19
Let r(q) = -q. Let z(i) = 2*i + 7. Let u(b) = 2*b + 7. Let o(h) = 2*u(h) - 3*z(h). Let y be 1 + -5 + (-2)/(-2). Let t(a) = y*r(a) + o(a). Calculate t(3).
-4
Let i(l) = l - 5. Let m be 2*2 - -6*1/3. Give i(m).
1
Let q(n) = 4*n - 3. Suppose -2*f + f + 2 = 0. Let u(z) = z. Let l(a) = f*u(a) - q(a). Give l(-3).
9
Let c(s) = 2*s + 1. Let f(g) = g - 1. Let y(o) = -c(o) + f(o). Calculate y(-4).
2
Let h be (12/(-9))/(1/(-3)). Suppose 0 = 2*n + 4*r + 18, -5*n + r - h - 30 = 0. Let k = n + 12. Let d(o) = -o**2 + 4*o + 6. Determine d(k).
1
Let g(c) be the third derivative of c**4/12 - c**3 + c**2. Give g(5).
4
Let y be 2/3 + 240/(-36). Let m(l) = l**3 + 5*l**2 - 7*l + 5. Determine m(y).
11
Suppose 8 = -5*m + 3*m. Let s(g) = 3*g + 5. Give s(m).
-7
Let w(h) = h**3 + 5*h**2 - h - 5. Let y(t) = -t**2 - 7*t + 10. Let o be y(-8). Suppose -i + 14 = -2*d, -o*i + 6 = 2*d + 2*i. Determine w(d).
0
Let i(w) be the second derivative of -4*w + 0 - 2*w**2 - 1/2*w**3. What is i(-3)?
5
Suppose -3*u + 1 = -5*w + 8, -4 = -4*w + 2*u. Let x(r) = 0 + 2*r**2 + 0*r**2 + 1. Determine x(w).
3
Let l(k) = -3*k + 3. Let u(d) = 2*d - 2. Let p be 20/(-3) - (-1)/(-3). Let r = p + 4. Let h(o) = r*l(o) - 5*u(o). Calculate h(-5).
6
Suppose c = 2*x - 3, 5*c = x - 5*x - 29. Let p(t) = 4*t**3 + t**2 + 6*t - 1. Let w(h) = -h**3 + h. Let n(f) = p(f) - 6*w(f). Give n(x).
-10
Let x(w) be the second derivative of -w**3/6 - w**2 + 20*w. What is x(-2)?
0
Let w = -18 + 15. Let a(x) = -x**2 - 3*x. Calculate a(w).
0
Suppose -6 = -i - 0. Let t(j) = -j**2 + 11*j - 4. Let y(l) = -3*l**2 + 32*l - 12. Let h(b) = 17*t(b) - 6*y(b). Give h(i).
10
Suppose -3*n - w + 5*w + 16 = 0, -12 = -4*n + 3*w. Suppose n = 3*m + 2*q + 25, 2*q = -5*m - 0*m - 47. Let b = m + 15. Let h(o) = -3*o + 4. Calculate h(b).
-8
Suppose -3 = 3*p + 21. Suppose -9*g + 3*g = 48. Let n = g - p. Let v(h) = h. Give v(n).
0
Let f(t) = -t**3 + 5*t**2 + t - 7. Let x(m) = -3*m - 3 + 2*m + 1. Let n be x(-7). Determine f(n).
-2
Let l = 7 - 5. Suppose -4*f + 4 - 6 = -l*t, 3*f - 15 = -4*t. Let g(n) = -n**3 + 3*n**2 - n - 1. Calculate g(t).
-4
Let j(o) = o - 13. Let y(s) = s**3 - 14*s**2 + s - 1. Let h be y(14). Give j(h).
0
Let d = -10 - -9. Let y be (-18)/(-4) + d/(-2). Let x(o) be the second derivative of -o**4/12 + o**3 - 5*o**2/2 + o. Give x(y).
0
Let o be ((-5 + 4)*2)/(-2). Let n(k) = -6*k**2 - k + 1. Determine n(o).
-6
Suppose -6 = 2*g - 8. Let m(k) = 3 + 2 - 4. Let t(w) = 4*w - 5. Let l(i) = -6*m(i) - t(i). What is l(g)?
-5
Let d(j) = -j**2 - 8*j - 6. Let o be -3 - (-12)/8*-2. What is d(o)?
6
Let x(u) = 2*u - 31. Let n(k) = -k + 15. Let m(o) = 13*n(o) + 6*x(o). Calculate m(9).
0
Let q = -47 + 43. Let f(r) = -r**3 - 3*r**2 + 3*r + 6. Give f(q).
10
Let l(r) = 2*r**2 + 7*r - 5. Let m(f) = -f**2 - f. Let b(g) = l(g) + 3*m(g). Determine b(4).
-5
Let m(h) = -2*h**2 - h - 11. Let x(s) = -s**2 - s - 5. Let p(o) = 3*m(o) - 7*x(o). Give p(-2).
-2
Suppose 4*o - 4 = 3*o. Suppose 7 + 9 = -o*k. Let i(p) = -4*p**2 - 8*p - 9. Let h(m) = -5*m**2 - 9*m - 10. Let s(b) = -3*h(b) + 4*i(b). What is s(k)?
-2
Suppose 2*u - 5 = 3*v - 1, -3*v = 0. Let l be (u - -4) + -2 + 1. Let t be (-16)/(-10) + 2/l. Let z(r) = -r**2 - 4*r + 3. Calculate z(t).
-9
Let r(t) be the first derivative of -t**5/30 - t**4/8 - 2*t**2 + 3. Let s(d) be the second derivative of r(d). What is s(-2)?
-2
Let u(i) be the second derivative of -i**4/12 - i**3/3 - i**2/2 + 7*i. Give u(-2).
-1
Let f be 3 + 1*(3 + -4). Suppose f*h = -0*h. Let a(j) = -j**3 + j**2 - 4. Give a(h).
-4
Let d(j) = 3*j - 4. Let g(r) = -13*r + 16. Let y(b) = 9*d(b) + 2*g(b). What is y(-3)?
-7
Let v(i) = -i**3 + 4*i**2. Let x(u) = u**3 - u**2 + u + 4. Suppose n - 9 = -4*p, -2 = 2*p - 4*p + 2*n. Let j = p + -2. Let c be x(j). Calculate v(c).
0
Suppose 2*q + 14 - 8 = 0. Let t(z) = -z. Let x(g) = 2*g**2 + 8. Let o(d) = -2*d**2 - 7. Let i(m) = -5*o(m) - 4*x(m). Let r(c) = i(c) - 4*t(c). Determine r(q).
9
Let c(q) = -q**3 + 5*q**2 - 3*q - 2. Let k(u) = u**2 + 7*u - 10. Let n be k(-7). Let l = 14 + n. What is c(l)?
2
Let b(v) = -v**3 - 6*v**2 - 4*v + 7. Let j = 8 - 13. Let c be b(j). Let f(u) = -u + c*u + 7 - 3*u. What is f(5)?
-3
Let m be 1/(-6) + (-140)/(-120). Let q(w) = 3*w - 1. Calculate q(m).
2
Let x = -44 + 47. Let h(n) = n**3 - 2*n**2 - 2*n. Give h(x).
3
Let j(n) = 3*n**2 - 3*n**3 - 8*n**2 + 4 - 3*n + 2*n**3. Let q be j(-3). Let f(r) = r + 6. Determine f(q).
1
Let o = 175 - 91. Let m(r) = 91 - 7*r - r**2 - r - o + 2*r. What is m(-6)?
7
Let u(m) = -m**2 + m + 1. Let j be u(-1). Let z = j - 4. Let c(g) = g**2 + 2*g - 2 - 1 + 4*g. Give c(z).
-8
Suppose 0 = 5*m + h - 23, -5*m - 4*h + 32 = -0*m. Let j(t) = 3 + t**2 + 1 - m*t - 3 - 5. Calculate j(4).
-4
Let g(i) = -2*i + 0*i + 5*i - 1. Let w = 22 + -21. Calculate g(w).
2
Let l(o) = -2*o**3 + 2*o**2 + o. Let b = 1 + 1. Suppose 4*m - b*r = r + 17, 0 = -5*m - 2*r + 4. Let g be -4*(-2)/8*m. Give l(g).
-6
Let r(n) = -2*n**2 + 9*n**2 - 4*n**2 - 2*n. Determine r(2).
8
Let v be 1 + 2 + (-1)/1. Suppose -4 + 6 = v*g. Let j(c) be the first derivative of 5*c**3/3 - c + 1. What is j(g)?
4
Let r(j) be the second derivative of 0 - 1/3*j**3 + 0*j**4 + 2*j + 1/120*j**5 + 0*j**2 + 7/360*j**6. Let x(i) be the second derivative of r(i). What is x(-1)?
6
Let g(w) = w**2 - 3*w - 2. Let u = 59 - 56. Determine g(u).
-2
Let t(h) = -6*h - 11. Let o(n) = 21*n + 39. Let c(k) = 5*o(k) + 18*t(k). Give c(3).
-12
Let b(j) = j**2 - 7*j. Suppose 0 = -3*w + 18 - 0. Give b(w).
-6
Let x(q) = -2*q**2 - 5*q - 4. Suppose 4*p - 25 = -3*j, -p = p + 2*j - 10. Let b = -13 + p. Determine x(b).
-7
Let f = 5 - 6. Let t = 0 - f. Let o(b) = -b + 0 + b**2 + 1 - 9*b**3 + 0*b**2. Calculate o(t).
-8
Let q(g) = -g**3 + g - 5. Let f = 78 + -78. What is q(f)?
-5
Let g(c) = c**3 + 9*c**2 + 8*c + 2. Suppose -3*m = 20 + 4. Let p be g(m). Let f be 2/(p + (-10)/4). Let d(s) = 2*s. Determine d(f).
-8
Let y(f) = -f**2 + 6*f + 4. Let s be y(6). Let x be 4/(-8)*s/(-1). Let n(z) = -z + 1. Let p(r) = -8*r + 7. Let w(c) = -5*n(c) + p(c). What is w(x)?
-4
Let d(s) = s**3 + s**2 + 26. Suppose 0 = -l - 3*m + 15, 5*l - 4 = -4*m + 16. Give d(l).
26
Let y(x) = -1 + 247*x - 6 - 248*x. Give y(5).
-12
Let o = -2 - -2. Suppose -3*n = -3*v - o*v - 6, 3*v = -n + 2. Let c(a) = a**2 + 6*a + n + 0*a + 0*a. Give c(-5).
-3
Let v = 11 + -8. Let z(o) = -o**3 + 3*o**2 + 0*o**v + 